 = -s**2 - 5*s. Let c(a) = x(a) + 2*z(a). Let m be c(7). Suppose -7*i - 1127 = -m*i. List the prime factors of i.
7, 23
Suppose 2*b = 5*h + 8, 3*b + 0*b + h = 12. Let m be b - 12/4 - 5. List the prime factors of (-7)/m*(-8)/(-2).
7
Suppose 0 = -l - 5*n + 671 - 78, 2*n = 10. Suppose -7*o = -11*o + l. List the prime factors of o.
2, 71
Let g(u) = -u**2 + 30*u + 3450. List the prime factors of g(0).
2, 3, 5, 23
Let w(n) = -4*n**3 - 5*n**2 + 2*n - 5. Let q be w(-6). Let r(y) = -y**3 + 4*y**2 + 6*y - 2. Let m be r(5). Suppose q - 187 = m*t. List the prime factors of t.
2, 5
Let h = 45 + -45. Let q be -131 - ((-15)/(-5) + h). Let i = -96 - q. List the prime factors of i.
2, 19
Let m(w) = 5*w + 3*w**3 + w**2 - 5*w**2 - 2*w + 2. Let a be -2 - -2*25/10. List the prime factors of m(a).
2, 7
Let n be 1/((-11)/(-2)) + 31/11. Suppose v = -2*w + 639, 0*w + n*v - 641 = -2*w. List the prime factors of w.
11, 29
Let f(n) = -13*n + 28. Let t be f(2). Suppose 5*r - 262 = -y - y, 262 = 2*y - t*r. List the prime factors of y.
131
Let p(a) = 5*a**2 - 15*a + 1. Let z(y) = -5*y**2 + 17*y. Let r(j) = -4*p(j) - 5*z(j). What are the prime factors of r(-16)?
2, 419
What are the prime factors of (-1*1/(-2))/(17*(-21)/(-2778888))?
2, 7, 139
Let p = -155 - -103. Let y be (5 + p/12)*(-654)/(-4). Suppose 0 = 106*c - y*c + 531. What are the prime factors of c?
3, 59
Let u(g) = g**2 - 2*g - 11. Let w be u(9). Let n = w - 7. List the prime factors of ((-3)/(n/6))/(5/(-925)).
2, 37
Let g be 12*(-4)/((-16)/(-3)). List the prime factors of (-3602)/(-8) + g/36.
2, 3, 5
Let m be 3/(-4) - (-4)/((-80)/(-135)). Suppose m*d - 3*d = 210. Let n = 55 + d. List the prime factors of n.
5
Let v(u) = -u**3 + 40*u**2 - 24*u + 374. What are the prime factors of v(29)?
8929
Suppose 5*x + 356915 = 5*s, -4*s - 162*x + 163*x + 285520 = 0. What are the prime factors of s?
3, 7, 11, 103
Suppose -5*o - 5 = 0, 3*o - 5594 = 5*t + 2*o. Let h be t/(-3) + 0 + 0. Suppose -2*b + h = 173. What are the prime factors of b?
2, 5
Suppose 5*h = 34 - 14. Let g be 10*(h - 7/2). Suppose g*t + 109 = 2*j, -3*t + 355 = 5*j + t. List the prime factors of j.
67
Let k(m) = m**3 + 79*m**2 + 75*m + 323. List the prime factors of k(-60).
64223
Let q = 39 - 20. Let p = q - -501. List the prime factors of p.
2, 5, 13
Suppose 3*w - 2*a - 15 = -5*a, 24 = 5*w + 4*a. Suppose w*k - 3532 = -620. List the prime factors of k.
2, 7, 13
Suppose 151*u - 3324197 - 1292175 = 0. List the prime factors of u.
2, 7643
Suppose 23 = -q - 2*c + 20, -3*c = -2*q + 8. What are the prime factors of (40/16*q)/((-1)/(-438))?
3, 5, 73
Let x(q) = -2*q**2 + 15*q + 38. Let v be x(0). Suppose -v*z + 32410 = -22538. List the prime factors of z.
2, 3, 241
Suppose -5*r = -3*b + 89551, -13*b + 3*r = -16*b + 89607. List the prime factors of b.
2, 3, 7, 79
Let t = 95 - 94. Let r be t + (-6)/(-5 + 2). What are the prime factors of (-1920)/(-9) - 4/r?
2, 53
Let n = 46344 + 11263. What are the prime factors of n?
11, 5237
Let i(j) = 41*j**2 + 5*j + 23807. List the prime factors of i(0).
7, 19, 179
Suppose 497*s = 498*s - 5. Suppose s*t - 10513 = -4*p, -t + 4*p - 2*p = -2111. What are the prime factors of t?
5, 421
Suppose -608 = -2*r - 3*b, 27*r + 1194 = 31*r - 5*b. List the prime factors of r.
7, 43
Let r = -309 + 313. Suppose r*k - 25*k = -5334. What are the prime factors of k?
2, 127
Let h(i) = 1123*i - 5230. List the prime factors of h(35).
5, 29, 47
Suppose -1837734 = -121*m + 1565391. List the prime factors of m.
3, 5
Suppose -4*s + 3*i + 12 = 66, -4*s - 5*i = 70. What are the prime factors of 3*(1030/s)/(-1)?
2, 103
Let p be -3 - (1 - 4) - -680. Let u = 971 - p. Suppose -3*t + 7*t + 3*k - u = 0, 5*k = -4*t + 293. What are the prime factors of t?
2, 3
Suppose 59361 = m - k, 0 = -442*m + 446*m + 2*k - 237492. What are the prime factors of m?
59369
Let v = -233 + 394. Let t = v - 150. Suppose t*b - 6*b = -2*z + 74, -z = -4*b - 63. What are the prime factors of z?
47
Suppose 21*q - 93384 = 5*q - 2*q. List the prime factors of q.
2, 1297
Suppose 0 = -1013*t + 1263*t - 11110250. What are the prime factors of t?
19, 2339
Suppose -4*s + 21829 = 7*j - 20926, 2*j = 5*s - 53390. List the prime factors of s.
2, 3, 5, 89
Suppose -2*k - r - 598 = 0, 0 = -11*k + 15*k + 5*r + 1202. Let l = k - -683. List the prime factors of l.
5, 7, 11
Let v = 3365 - -3540. What are the prime factors of v?
5, 1381
Let x = 310 - 302. Suppose 3*q + 4*o = 5*q - 22, 3*q - o - 13 = 0. What are the prime factors of (x/(-16))/(q/(-432))?
2, 3
Suppose -5*c - 8*v + 7*v + 34461 = 0, -3*c = 3*v - 20679. What are the prime factors of c?
2, 1723
Suppose -4*l + 4*a + 23237 + 6835 = 0, -5*l = a - 37602. What are the prime factors of l?
2, 5, 47
Let h(f) be the second derivative of f**4/12 + 5*f**3/6 - 3*f**2/2 - 44*f. Let z be h(-11). Let v = 200 - z. List the prime factors of v.
137
Suppose -5*k + 23 = -3*k - 5*g, 22 = 4*k - 2*g. Suppose -v - 276 = -k*v. List the prime factors of v.
2, 23
Let i(n) = -318*n - 412. What are the prime factors of i(-7)?
2, 907
Let t(r) = -r**3 + 75*r**2 + 74*r - 1860. List the prime factors of t(70).
2, 5, 13, 107
What are the prime factors of 2813988/123 + (-56)/(-1148)?
2, 3, 31, 41
Let y(s) = -2*s - 56. Let b be y(-28). Suppose b = 3*g + 70 - 412. What are the prime factors of g?
2, 3, 19
Let f(k) = 6591*k - 4274. List the prime factors of f(4).
2, 5, 47
Let w(n) = -3*n**3 + 4*n**2 + 4*n + 13. Let d(u) = 2*u**3 - 3*u**2 - 3*u - 9. Let y(m) = 7*d(m) + 5*w(m). Let i = -3 + -1. What are the prime factors of y(i)?
2, 3
Suppose 55*r - 58*r + 7767 = 3*n, -3*n = -4*r + 10321. What are the prime factors of r?
2, 17, 19
Let y be (-36)/(-234) - (-60)/(-52). Let s(m) = -2 - 158*m**3 + 34*m**3 + 2*m**2 - 164*m**3 - 3*m - 3*m**2. What are the prime factors of s(y)?
2, 3
Suppose 0 = -5*k - 2*s + 3*s - 94, -3*k + 3*s - 54 = 0. Let d = k + 23. Suppose d*g - 718 - 78 = 0. What are the prime factors of g?
199
Suppose 0 = 89*t - 88*t + 17. What are the prime factors of t - -24 - 724/(-2)?
3, 41
Let a be ((-48)/20)/(-2)*(-1020)/(-3). Let x = a + -24. List the prime factors of x.
2, 3
Suppose 25*p - 28*p = -45747. What are the prime factors of (3*2/(-9))/((-34)/p)?
13, 23
Let l(n) = -n**3 - 16*n**2 + 3. Let o be l(-16). Suppose o*d - 47 - 61 = 0. List the prime factors of (-60)/(-48)*d*1.
3, 5
Let r be ((-58)/6)/((-2)/6). Suppose -5*b - 4*d + 20 = -10, 3*d - 19 = -2*b. Suppose -b*x - 101 = -7*x - 4*w, x - r = -3*w. What are the prime factors of x?
17
Let d = -6920 + 10096. What are the prime factors of d?
2, 397
Let p(h) = 26*h**2 + 2. Suppose -4*s = 3*f - 5 - 0, -4*s - 16 = 0. Suppose -6 = f*j + 1. List the prime factors of p(j).
2, 7
Suppose 8*d = 3*d. Suppose 5*x = -5*j + 17 + 3, d = -x + 5*j + 10. List the prime factors of (-662)/(-5) + (x - 27/5).
2, 3, 11
Suppose 0*f - 140 = 7*f. Let s be f/4 + (-2 - -9). Suppose 0 = s*q - 308 - 138. List the prime factors of q.
223
Suppose -10*w = -h - 559125, -3*h + 167754 = -267*w + 270*w. List the prime factors of w.
11, 13, 17, 23
Let f(o) be the third derivative of o**5/30 + 5*o**4/24 + 17*o**3/2 + 4*o**2 + 1. List the prime factors of f(-6).
3, 31
Let y be (-16)/(-20) - (-2245)/(-25). Let v = y - -149. Suppose 0 = c - 6*c - 2*g + v, 3*g - 48 = -4*c. What are the prime factors of c?
2, 3
Let q(s) = -1929*s + 98. Let f be q(-7). List the prime factors of ((-4)/(-7))/(58/f).
2, 67
Let s = 110 - 103. Suppose 13*c = -s*c + 4840. List the prime factors of c.
2, 11
Suppose -12*h + 2444 - 2384 = 0. Let u be (-28)/(-6) + 2/6. Suppose u*q + 55 = h*a, 5*a = -0*q - q + 85. What are the prime factors of a?
2
Let m(l) = -l**2 + 15*l + 12. Let t = -50 + 53. Let s be 4 + 8/t + (-1)/(-3). What are the prime factors of m(s)?
2, 17
Suppose 5*a - 5*h = 1495, -2*h + 178 = a - 109. Let u = -90 + a. What are the prime factors of u?
5, 41
Let c(s) = -2*s**2 - 20*s - 45. Let l be c(-5). What are the prime factors of (l/(-20))/(9/(-17244))?
479
Let y be (36/30)/(3/10). Suppose -2*o - y*w = -0*w - 360, 2*o - 5*w = 360. What are the prime factors of o?
2, 3, 5
Let m(q) = 93*q + 11. Let p be m(6). Suppose i - p = a, 3 = -a - 1. List the prime factors of i.
5, 113
Let g(c) = c**3 - 10*c**2 - 34*c + 46. Let b be g(13). Let a = 846 + b. What are the prime factors of a?
3, 11,